{"id":36,"date":"2019-08-23T14:05:28","date_gmt":"2019-08-23T17:05:28","guid":{"rendered":"https:\/\/aprece.org.br\/congresso\/?page_id=36"},"modified":"2025-08-16T11:36:24","modified_gmt":"2025-08-16T14:36:24","slug":"apresentacao","status":"publish","type":"page","link":"https:\/\/aprece.org.br\/congresso\/apresentacao\/","title":{"rendered":"Apresenta\u00e7\u00e3o"},"content":{"rendered":"\t\t<div data-elementor-type=\"post\" data-elementor-id=\"36\" class=\"elementor elementor-36\" data-elementor-settings=\"[]\">\n\t\t\t<div class=\"elementor-inner\">\n\t\t\t\t<div class=\"elementor-section-wrap\">\n\t\t\t\t\t\t\t<section class=\"elementor-element elementor-element-60202a1 elementor-section-boxed elementor-section-height-default elementor-section-height-default elementor-section elementor-top-section\" data-id=\"60202a1\" data-element_type=\"section\">\n\t\t\t\t\t\t<div class=\"elementor-container elementor-column-gap-default\">\n\t\t\t\t<div class=\"elementor-row\">\n\t\t\t\t<div class=\"elementor-element elementor-element-83a7424 elementor-column elementor-col-100 elementor-top-column\" data-id=\"83a7424\" data-element_type=\"column\">\n\t\t\t<div class=\"elementor-column-wrap  elementor-element-populated\">\n\t\t\t\t\t<div class=\"elementor-widget-wrap\">\n\t\t\t\t<div class=\"elementor-element elementor-element-ff29871 text elementor-widget elementor-widget-text-editor\" data-id=\"ff29871\" data-element_type=\"widget\" data-widget_type=\"text-editor.default\">\n\t\t\t\t<div class=\"elementor-widget-container\">\n\t\t\t\t\t<div class=\"elementor-text-editor elementor-clearfix\"><p class=\"p1\"><span class=\"s1\">A primeira edi\u00e7\u00e3o do <strong>Congresso dos Munic\u00edpios Cearenses \u2013 I CoMCe<\/strong>, de iniciativa da Associa\u00e7\u00e3o dos Munic\u00edpios do Estado do Cear\u00e1 \u2013 APRECE,<span class=\"Apple-converted-space\">\u00a0 <\/span>fomentar\u00e1 a reflex\u00e3o e discuss\u00e3o sobre os rumos da gest\u00e3o p\u00fablica municipal.<\/span><\/p><p class=\"p1\"><span class=\"s1\">O <strong>I CoMCe<\/strong> \u00e9 uma oportunidade \u00edmpar para o compartilhamento de experi\u00eancias, a dissemina\u00e7\u00e3o de boas pr\u00e1ticas, e principalmente incentivo ao debate sobre desenvolvimento municipal, inova\u00e7\u00e3o tecnol\u00f3gica, solu\u00e7\u00f5es em sa\u00fade, educa\u00e7\u00e3o, governan\u00e7a e gest\u00e3o fiscal, dentre outros temas relevantes.\u00a0<\/span><\/p><p class=\"p1\"><span class=\"s1\">O objetivo \u00e9 promover o aprimoramento e a qualifica\u00e7\u00e3o de gestores municipais e agentes p\u00fablicos, de modo a desenvolver a excel\u00eancia dos servi\u00e7os prestados \u00e0 popula\u00e7\u00e3o e garantir a autonomia e a sustentabilidade dos munic\u00edpios cearenses.<\/span><\/p><p class=\"p1\"><span class=\"s1\">O evento integrar\u00e1, em um mesmo ambiente, a <strong><em>Feira de Solu\u00e7\u00f5es para a Sa\u00fade<\/em><\/strong>\/Edi\u00e7\u00e3o Cear\u00e1, da Funda\u00e7\u00e3o Osvaldo Cruz \u2013 Fiocruz; a <strong><em>III Feira do Conhecimento<\/em><\/strong>, promovida pelo Governo do Cear\u00e1, atrav\u00e9s da Secretaria da Ci\u00eancia, Tecnologia e Educa\u00e7\u00e3o Superior \u2013 Secitece e Instituto Centec. <\/span><\/p><p class=\"p1\"><span class=\"s1\">\u00c9 uma a\u00e7\u00e3o integrada que possibilitar\u00e1 o fortalecimento da gest\u00e3o a partir do acesso ao conhecimento e \u00e0s solu\u00e7\u00f5es inovadoras nas diversas \u00e1reas, visto que as referidas feiras atingiram, nas edi\u00e7\u00f5es anteriores, um p\u00fablico de 3500 e 15000 pessoas, respectivamente.<\/span><\/p><\/div>\n\t\t\t\t<\/div>\n\t\t\t\t<\/div>\n\t\t\t\t<div class=\"elementor-element elementor-element-b9a13a3 elementor-widget elementor-widget-heading\" data-id=\"b9a13a3\" data-element_type=\"widget\" data-widget_type=\"heading.default\">\n\t\t\t\t<div class=\"elementor-widget-container\">\n\t\t\t<h5 class=\"elementor-heading-title elementor-size-default\">CONHECIMENTO<\/h5>\t\t<\/div>\n\t\t\t\t<\/div>\n\t\t\t\t<div class=\"elementor-element elementor-element-eb16c41 text elementor-widget elementor-widget-text-editor\" data-id=\"eb16c41\" data-element_type=\"widget\" data-widget_type=\"text-editor.default\">\n\t\t\t\t<div class=\"elementor-widget-container\">\n\t\t\t\t\t<div class=\"elementor-text-editor elementor-clearfix\"><p>O I CoMCe traz, em seu escopo, uma parceria com a Feira do Conhecimento da Secretaria de Ci\u00eancia e Tecnologia do Estado do Cear\u00e1 possibilitando aos gestores e agentes p\u00fablicos municipais, de todas as \u00e1reas, o contato direto com a ci\u00eancia, tecnologia, inova\u00e7\u00e3o e neg\u00f3cios, para a forma\u00e7\u00e3o do conhecimento e aprimoramento da gest\u00e3o. <a href=\"https:\/\/feiradoconhecimento.com.br\/\" target=\"_blank\" rel=\"noopener\">Acesse aqui<\/a> o site da III Feira do Conhecimento.<\/p><\/div>\n\t\t\t\t<\/div>\n\t\t\t\t<\/div>\n\t\t\t\t<div class=\"elementor-element elementor-element-d428518 elementor-widget elementor-widget-heading\" data-id=\"d428518\" data-element_type=\"widget\" data-widget_type=\"heading.default\">\n\t\t\t\t<div class=\"elementor-widget-container\">\n\t\t\t<h5 class=\"elementor-heading-title elementor-size-default\">SOLU\u00c7\u00d5ES<\/h5>\t\t<\/div>\n\t\t\t\t<\/div>\n\t\t\t\t<div class=\"elementor-element elementor-element-4b070ca text elementor-widget elementor-widget-text-editor\" data-id=\"4b070ca\" data-element_type=\"widget\" data-widget_type=\"text-editor.default\">\n\t\t\t\t<div class=\"elementor-widget-container\">\n\t\t\t\t\t<div class=\"elementor-text-editor elementor-clearfix\"><p><span style=\"font-size: 1rem;\">O Congresso amplia seu alcance atrav\u00e9s da parceria com a Feira de Solu\u00e7\u00f5es para a Sa\u00fade da Funda\u00e7\u00e3o Osvaldo Cruz, que, nesta edi\u00e7\u00e3o, traz o tema sa\u00fade digital para territ\u00f3rios saud\u00e1veis e sustent\u00e1veis, com o intuito de oferecer espa\u00e7os para a discuss\u00e3o, propostas e solu\u00e7\u00f5es relacionados aos Objetivos de Desenvolvimento Sustent\u00e1vel (ODS) e ao conceito de One-Health (que articula as sa\u00fades humana e animal e tamb\u00e9m o meio ambiente). <a href=\"http:\/\/feirasolucoessaude.fiocruz.br\/\" target=\"_blank\" rel=\"noopener\">Acesse aqui<\/a> o site da Feira de Solu\u00e7\u00f5es para a Sa\u00fade.<\/span><\/p><\/div>\n\t\t\t\t<\/div>\n\t\t\t\t<\/div>\n\t\t\t\t<div class=\"elementor-element elementor-element-e47eb7d elementor-widget elementor-widget-heading\" data-id=\"e47eb7d\" data-element_type=\"widget\" data-widget_type=\"heading.default\">\n\t\t\t\t<div class=\"elementor-widget-container\">\n\t\t\t<h5 class=\"elementor-heading-title elementor-size-default\">GEST\u00c3O<\/h5>\t\t<\/div>\n\t\t\t\t<\/div>\n\t\t\t\t<div class=\"elementor-element elementor-element-e219a90 text elementor-widget elementor-widget-text-editor\" data-id=\"e219a90\" data-element_type=\"widget\" data-widget_type=\"text-editor.default\">\n\t\t\t\t<div class=\"elementor-widget-container\">\n\t\t\t\t\t<div class=\"elementor-text-editor elementor-clearfix\"><p><span style=\"font-size: 1rem;\">O I CoMCe defende que a boa gest\u00e3o se faz com conhecimento que gera solu\u00e7\u00f5es. Nesse sentido prop\u00f5e a troca de saberes, o compartilhamento de experi\u00eancias, o contato com inova\u00e7\u00f5es tecnol\u00f3gicas e o amplo debate sobre os principais problemas que impedem a alavancagem dos munic\u00edpios cearenses em todas as \u00e1reas, sobre tudo nas \u00e1reas fiscal, sa\u00fade e educa\u00e7\u00e3o. Espera-se que o Congresso seja um marco para o fortalecimento da gest\u00e3o municipal em todo o estado do Cear\u00e1.<\/span><\/p><\/div>\n\t\t\t\t<\/div>\n\t\t\t\t<\/div>\n\t\t\t\t<div class=\"elementor-element elementor-element-13282e1 elementor-widget elementor-widget-heading\" data-id=\"13282e1\" data-element_type=\"widget\" data-widget_type=\"heading.default\">\n\t\t\t\t<div class=\"elementor-widget-container\">\n\t\t\t<h2 class=\"elementor-heading-title elementor-size-default\">A APRECE<\/h2>\t\t<\/div>\n\t\t\t\t<\/div>\n\t\t\t\t<div class=\"elementor-element elementor-element-e804ae2 text elementor-widget elementor-widget-text-editor\" data-id=\"e804ae2\" data-element_type=\"widget\" data-widget_type=\"text-editor.default\">\n\t\t\t\t<div class=\"elementor-widget-container\">\n\t\t\t\t\t<div class=\"elementor-text-editor elementor-clearfix\"><p class=\"p1\"><span class=\"s1\">A <strong>Associa\u00e7\u00e3o dos Munic\u00edpios do Estado do Cear\u00e1 \u2013 APRECE<\/strong>, sediada a Rua Maria Tom\u00e1sia, 230, Aldeota, Fortaleza-CE, foi fundada em 7 de mar\u00e7o de 1968. <\/span><span class=\"s1\">\u00c9 uma entidade reconhecida por sua atua\u00e7\u00e3o em defesa das causas municipalistas, que congrega 147 munic\u00edpios em seu quadro de associados. <\/span><span class=\"s1\">Sua miss\u00e3o \u00e9 dar apoio na promo\u00e7\u00e3o do desenvolvimento sustent\u00e1vel e da autonomia dos munic\u00edpios cearenses, oferecendo-lhes servi\u00e7o de qualidade e representando-os institucionalmente.<\/span><\/p><p class=\"p1\"><span class=\"s1\">O I CoMCe \u00e9 uma inova\u00e7\u00e3o no calend\u00e1rio de eventos da institui\u00e7\u00e3o, sendo uma iniciativa voltada para garantir condi\u00e7\u00f5es de implanta\u00e7\u00e3o da gest\u00e3o eficiente e din\u00e2mica por parte<span class=\"Apple-converted-space\">\u00a0 <\/span>dos gestores, visando o cumprimento da miss\u00e3o abra\u00e7ada pela APRECE.<\/span><\/p><\/div>\n\t\t\t\t<\/div>\n\t\t\t\t<\/div>\n\t\t\t\t<div class=\"elementor-element elementor-element-a4f004e elementor-widget elementor-widget-heading\" data-id=\"a4f004e\" data-element_type=\"widget\" data-widget_type=\"heading.default\">\n\t\t\t\t<div class=\"elementor-widget-container\">\n\t\t\t<h2 class=\"elementor-heading-title elementor-size-default\">P\u00daBLICO-ALVO<\/h2>\t\t<\/div>\n\t\t\t\t<\/div>\n\t\t\t\t<div class=\"elementor-element elementor-element-edd997e elementor-widget elementor-widget-text-editor\" data-id=\"edd997e\" data-element_type=\"widget\" data-widget_type=\"text-editor.default\">\n\t\t\t\t<div class=\"elementor-widget-container\">\n\t\t\t\t\t<div class=\"elementor-text-editor elementor-clearfix\"><ul><li>Prefeitos\/as e vice-prefeitos\/as;<\/li><li>Secret\u00e1rios, Assessores, T\u00e9cnicos e Servidores P\u00fablicos Municipais;<\/li><li>Parlamentares de todas as inst\u00e2ncias federativas;<\/li><li>Empresas;<\/li><li>Imprensa;<\/li><li>Bancos oficiais e privados;<\/li><li>Organiza\u00e7\u00f5es da Sociedade Civil;<\/li><li>\u00d3rg\u00e3os de controle interno e externo;<\/li><li>Sociedade em geral<\/li><\/ul><\/div>\n\t\t\t\t<\/div>\n\t\t\t\t<\/div>\n\t\t\t\t\t\t<\/div>\n\t\t\t<\/div>\n\t\t<\/div>\n\t\t\t\t\t\t<\/div>\n\t\t\t<\/div>\n\t\t<\/section>\n\t\t\t\t\t\t<\/div>\n\t\t\t<\/div>\n\t\t<\/div>\n\t\t","protected":false},"excerpt":{"rendered":"<p>A primeira edi\u00e7\u00e3o do Congresso dos Munic\u00edpios Cearenses \u2013 I CoMCe, de iniciativa da Associa\u00e7\u00e3o dos Munic\u00edpios do Estado do Cear\u00e1 \u2013 APRECE,\u00a0 fomentar\u00e1 a reflex\u00e3o e discuss\u00e3o sobre os rumos da gest\u00e3o p\u00fablica municipal. O I CoMCe \u00e9 uma oportunidade \u00edmpar para o compartilhamento de experi\u00eancias, a dissemina\u00e7\u00e3o de boas pr\u00e1ticas, e principalmente incentivo [&hellip;]<\/p>\n","protected":false},"author":1,"featured_media":40,"parent":0,"menu_order":0,"comment_status":"closed","ping_status":"closed","template":"page-model.php","meta":[],"_links":{"self":[{"href":"https:\/\/aprece.org.br\/congresso\/wp-json\/wp\/v2\/pages\/36"}],"collection":[{"href":"https:\/\/aprece.org.br\/congresso\/wp-json\/wp\/v2\/pages"}],"about":[{"href":"https:\/\/aprece.org.br\/congresso\/wp-json\/wp\/v2\/types\/page"}],"author":[{"embeddable":true,"href":"https:\/\/aprece.org.br\/congresso\/wp-json\/wp\/v2\/users\/1"}],"replies":[{"embeddable":true,"href":"https:\/\/aprece.org.br\/congresso\/wp-json\/wp\/v2\/comments?post=36"}],"version-history":[{"count":22,"href":"https:\/\/aprece.org.br\/congresso\/wp-json\/wp\/v2\/pages\/36\/revisions"}],"predecessor-version":[{"id":390,"href":"https:\/\/aprece.org.br\/congresso\/wp-json\/wp\/v2\/pages\/36\/revisions\/390"}],"wp:featuredmedia":[{"embeddable":true,"href":"https:\/\/aprece.org.br\/congresso\/wp-json\/wp\/v2\/media\/40"}],"wp:attachment":[{"href":"https:\/\/aprece.org.br\/congresso\/wp-json\/wp\/v2\/media?parent=36"}],"curies":[{"name":"wp","href":"https:\/\/api.w.org\/{rel}","templated":true}]}}