{"id":84,"date":"2019-08-26T09:58:31","date_gmt":"2019-08-26T12:58:31","guid":{"rendered":"https:\/\/aprece.org.br\/congresso\/?page_id=84"},"modified":"2019-10-17T10:57:34","modified_gmt":"2019-10-17T13:57:34","slug":"programacao","status":"publish","type":"page","link":"https:\/\/aprece.org.br\/congresso\/programacao\/","title":{"rendered":"Programa\u00e7\u00e3o"},"content":{"rendered":"\n<p>Confira abaixo a nossa programa\u00e7\u00e3o especial preparada para o I CoMCe (sujeita a altera\u00e7\u00f5es):<\/p>\n","protected":false},"excerpt":{"rendered":"<p>Confira abaixo a nossa programa\u00e7\u00e3o especial preparada para o I CoMCe (sujeita a altera\u00e7\u00f5es):<\/p>\n","protected":false},"author":1,"featured_media":87,"parent":0,"menu_order":0,"comment_status":"closed","ping_status":"closed","template":"programacao.php","meta":[],"_links":{"self":[{"href":"https:\/\/aprece.org.br\/congresso\/wp-json\/wp\/v2\/pages\/84"}],"collection":[{"href":"https:\/\/aprece.org.br\/congresso\/wp-json\/wp\/v2\/pages"}],"about":[{"href":"https:\/\/aprece.org.br\/congresso\/wp-json\/wp\/v2\/types\/page"}],"author":[{"embeddable":true,"href":"https:\/\/aprece.org.br\/congresso\/wp-json\/wp\/v2\/users\/1"}],"replies":[{"embeddable":true,"href":"https:\/\/aprece.org.br\/congresso\/wp-json\/wp\/v2\/comments?post=84"}],"version-history":[{"count":101,"href":"https:\/\/aprece.org.br\/congresso\/wp-json\/wp\/v2\/pages\/84\/revisions"}],"predecessor-version":[{"id":387,"href":"https:\/\/aprece.org.br\/congresso\/wp-json\/wp\/v2\/pages\/84\/revisions\/387"}],"wp:featuredmedia":[{"embeddable":true,"href":"https:\/\/aprece.org.br\/congresso\/wp-json\/wp\/v2\/media\/87"}],"wp:attachment":[{"href":"https:\/\/aprece.org.br\/congresso\/wp-json\/wp\/v2\/media?parent=84"}],"curies":[{"name":"wp","href":"https:\/\/api.w.org\/{rel}","templated":true}]}}